{"id":763,"date":"2022-01-26T14:03:41","date_gmt":"2022-01-26T13:03:41","guid":{"rendered":"http:\/\/slunecnice.orlicemb.cz\/subdom\/slunecnice\/?page_id=763"},"modified":"2025-08-30T14:52:42","modified_gmt":"2025-08-30T13:52:42","slug":"vyzvy","status":"publish","type":"page","link":"https:\/\/slunecnice.orlicemb.cz\/subdom\/slunecnice\/?page_id=763","title":{"rendered":"V\u00fdzvy"},"content":{"rendered":"\n<p>N\u011bkter\u00e9 v\u00fdzvy lze plnit na jak\u00e9koliv akci, n\u011bkter\u00e9 jen na t\u00e1borech,\u00a0\u010dt\u011bte si pros\u00edm podrobn\u011b podm\u00ednky<\/p>\n\n\n\n<h3 class=\"has-text-align-center\">V\u00fdzvy stezky Zem\u011b<\/h3>\n\n\n\n<div class=\"wp-block-media-text alignwide is-stacked-on-mobile\" style=\"grid-template-columns:21% auto\"><figure class=\"wp-block-media-text__media\"><img decoding=\"async\" loading=\"lazy\" width=\"214\" height=\"201\" src=\"https:\/\/slunecnice.orlicemb.cz\/subdom\/slunecnice\/wp-content\/uploads\/2023\/01\/Nocni-bdeni-1.jpg\" alt=\"\" class=\"wp-image-1169 size-full\"\/><\/figure><div class=\"wp-block-media-text__content\">\n<h5><strong>No\u010dn\u00ed bd\u011bn\u00ed<\/strong><\/h5>\n\n\n\n<p>&nbsp;<strong><em>&nbsp;Dok\u00e1\u017ee\u0161 hodinu le\u017eet vzh\u016fru ve spac\u00e1ku, kdy\u017e t\u011b uprost\u0159ed noci n\u011bkdo vzbud\u00ed? Ovl\u00e1dne\u0161 svoji \u00fanavu, abys neusnul\/a? O spln\u011bn\u00ed t\u00e9to v\u00fdzvy se m\u016f\u017ee\u0161 pokou\u0161et maxim\u00e1ln\u011b t\u0159ikr\u00e1t.<\/em><\/strong><\/p>\n\n\n\n<p>B\u011bhem v\u00fdzvy nen\u00ed povoleno si \u010d\u00edst, m\u00edt rozsv\u00edcen\u00e9 sv\u011btlo, bavit se s hl\u00eddkou nebo pou\u017e\u00edvat jin\u00e9 \u201eudr\u017eovac\u00ed\u201c prost\u0159edky. Je nutn\u00e9 le\u017eet ve spac\u00e1ku. P\u0159ed pln\u011bn\u00edm v\u00fdzvy je mo\u017en\u00e9 pou\u017e\u00edt aktivity na probuzen\u00ed (opl\u00e1chnout obli\u010dej, prob\u011bhnout se\u2026).<\/p>\n<\/div><\/div>\n\n\n\n<div class=\"wp-block-media-text alignwide has-media-on-the-right is-stacked-on-mobile\" style=\"grid-template-columns:auto 23%\"><div class=\"wp-block-media-text__content\">\n<h5><strong>Rann\u00ed sv\u00edt\u00e1n\u00ed<\/strong><\/h5>\n\n\n\n<p><strong><em>Bude\u0161 vzbuzen\/a pozd\u011b v noci. Tv\u00fdm \u00fakolem bude dorazit do stanoven\u00e9ho term\u00ednu, kdy bude vych\u00e1zet Slunce, na vrchol bl\u00edzk\u00e9ho kopce. Zvl\u00e1dne\u0161 p\u0159ekonat sp\u00e1nek a v rann\u00ed tm\u011b a zim\u011b vyj\u00edt do kopc\u016f? V\u00fdzvu je mo\u017en\u00e9 zkusit maxim\u00e1ln\u011b t\u0159ikr\u00e1t.<\/em><\/strong><\/p>\n<\/div><figure class=\"wp-block-media-text__media\"><img decoding=\"async\" loading=\"lazy\" width=\"207\" height=\"204\" src=\"https:\/\/slunecnice.orlicemb.cz\/subdom\/slunecnice\/wp-content\/uploads\/2023\/01\/318-1-vyzva_ranni_svitani.jpg\" alt=\"\" class=\"wp-image-1170 size-full\"\/><\/figure><\/div>\n\n\n\n<div class=\"wp-block-media-text alignwide is-stacked-on-mobile\" style=\"grid-template-columns:21% auto\"><figure class=\"wp-block-media-text__media\"><img decoding=\"async\" loading=\"lazy\" width=\"218\" height=\"297\" src=\"https:\/\/slunecnice.orlicemb.cz\/subdom\/slunecnice\/wp-content\/uploads\/2023\/01\/Nasivka_bose_nohy_z1.jpg\" alt=\"\" class=\"wp-image-1171 size-full\"\/><\/figure><div class=\"wp-block-media-text__content\">\n<h5><strong>Bos\u00e9 nohy<\/strong><\/h5>\n\n\n\n<p><strong><em>Zvl\u00e1dne\u0161 proj\u00edt rozmanit\u00fdm p\u0159\u00edrodn\u00edm ter\u00e9nem, ani\u017e by sis nazul\/a boty? \u010cek\u00e1 t\u011b p\u0159\u00edroda na vlastn\u00ed k\u016f\u017ei. Vyzkou\u0161ej, jak\u00e9 je to chodit po tr\u00e1v\u011b \u010di v lese bez bot. Ujdi ur\u010denou trasu bos\/a a vyzkou\u0161ej r\u016fzn\u00e9 povrchy.<\/em><\/strong><\/p>\n<\/div><\/div>\n\n\n\n<h3 class=\"has-text-align-center\">V\u00fdzvy stezky Vody<\/h3>\n\n\n\n<div class=\"wp-block-media-text alignwide has-media-on-the-right is-stacked-on-mobile\" style=\"grid-template-columns:auto 22%\"><div class=\"wp-block-media-text__content\">\n<h5><strong>V\u00fdsadek<\/strong><\/h5>\n\n\n\n<p><strong><em>Nezn\u00e1m\u00e9 m\u00edsto, \u017e\u00e1dn\u00e1 mapa a pora\u010f si. Ocitne\u0161 se ve dne na nezn\u00e1m\u00e9m m\u00edst\u011b bez orienta\u010dn\u00edch pom\u016fcek. Dok\u00e1\u017ee\u0161 se vr\u00e1tit do t\u00e1bora nebo na jin\u00e9 zn\u00e1m\u00e9 m\u00edsto? O tuto v\u00fdzvu se m\u016f\u017ee\u0161 pokusit maxim\u00e1ln\u011b dvakr\u00e1t.<\/em><\/strong><\/p>\n<\/div><figure class=\"wp-block-media-text__media\"><img decoding=\"async\" loading=\"lazy\" width=\"192\" height=\"205\" src=\"https:\/\/slunecnice.orlicemb.cz\/subdom\/slunecnice\/wp-content\/uploads\/2023\/01\/319-1-vyzva_vysadek.jpg\" alt=\"\" class=\"wp-image-1177 size-full\"\/><\/figure><\/div>\n\n\n\n<div class=\"wp-block-media-text alignwide is-stacked-on-mobile\" style=\"grid-template-columns:23% auto\"><figure class=\"wp-block-media-text__media\"><img decoding=\"async\" loading=\"lazy\" width=\"203\" height=\"203\" src=\"https:\/\/slunecnice.orlicemb.cz\/subdom\/slunecnice\/wp-content\/uploads\/2023\/01\/704-1-vyzva_nocni_navrat.jpg\" alt=\"\" class=\"wp-image-1178 size-full\" srcset=\"https:\/\/slunecnice.orlicemb.cz\/subdom\/slunecnice\/wp-content\/uploads\/2023\/01\/704-1-vyzva_nocni_navrat.jpg 203w, https:\/\/slunecnice.orlicemb.cz\/subdom\/slunecnice\/wp-content\/uploads\/2023\/01\/704-1-vyzva_nocni_navrat-150x150.jpg 150w\" sizes=\"(max-width: 203px) 100vw, 203px\" \/><\/figure><div class=\"wp-block-media-text__content\">\n<h5><strong>No\u010dn\u00ed n\u00e1vrat<\/strong><\/h5>\n\n\n\n<p><strong><em>Bude\u0161 v noci vyvezen\/a se zav\u00e1zan\u00fdma o\u010dima z t\u00e1bora na nezn\u00e1m\u00e9 m\u00edsto. Tv\u00fdm pomocn\u00edkem bude baterka, mapa a buzola. Dok\u00e1\u017ee\u0161 se do bud\u00ed\u010dku vr\u00e1tit zp\u00e1tky do t\u00e1bora? Dok\u00e1\u017ee\u0161 se v temn\u00e9 nezn\u00e1m\u00e9 krajin\u011b zorientovat a naj\u00edt spr\u00e1vnou cestu dom\u016f? O tuto v\u00fdzvu se m\u016f\u017ee\u0161 pokusit maxim\u00e1ln\u011b dvakr\u00e1t.<\/em><\/strong><\/p>\n<\/div><\/div>\n\n\n\n<div class=\"wp-block-media-text alignwide has-media-on-the-right is-stacked-on-mobile\" style=\"grid-template-columns:auto 19%\"><div class=\"wp-block-media-text__content\">\n<h5><strong>\u017divot ve tm\u011b\/v tichu<\/strong><\/h5>\n\n\n\n<p><strong><em>Vyzkou\u0161ej, jak\u00e9 to je b\u00fdt bez jednoho ze dvou d\u016fle\u017eit\u00fdch smysl\u016f. Omez na den sv\u016fj zrak, nebo sluch a pro\u017eij takto den s odd\u00edlem. Po celou dobu pln\u011bn\u00ed se aktivn\u011b zapojuje\u0161 do programu, a to jen s omezenou pomoc\u00ed ostatn\u00edch. Zvl\u00e1dne\u0161 b\u011b\u017en\u00fd t\u00e1borov\u00fd ruch?<\/em><\/strong><\/p>\n<\/div><figure class=\"wp-block-media-text__media\"><img decoding=\"async\" loading=\"lazy\" width=\"214\" height=\"287\" src=\"https:\/\/slunecnice.orlicemb.cz\/subdom\/slunecnice\/wp-content\/uploads\/2023\/01\/Nasivka_Zivot_vetme_vtichu.jpg\" alt=\"\" class=\"wp-image-1172 size-full\"\/><\/figure><\/div>\n\n\n\n<div class=\"wp-block-media-text alignwide is-stacked-on-mobile\" style=\"grid-template-columns:21% auto\"><figure class=\"wp-block-media-text__media\"><img decoding=\"async\" loading=\"lazy\" width=\"214\" height=\"290\" src=\"https:\/\/slunecnice.orlicemb.cz\/subdom\/slunecnice\/wp-content\/uploads\/2023\/01\/Nasivka_vecny_ohen_z1.jpg\" alt=\"\" class=\"wp-image-1179 size-full\"\/><\/figure><div class=\"wp-block-media-text__content\">\n<h5><strong>V\u011b\u010dn\u00fd ohe\u0148<\/strong><\/h5>\n\n\n\n<p><strong><em>Zapal a udr\u017e plamen t\u00e9m\u011b\u0159 v\u011b\u010dn\u011b. M\u016f\u017ee\u0161 si vybrat, jestli p\u016fjde o ohe\u0148 \u010di ho\u0159\u00edc\u00ed sv\u00ed\u010dku. V\u00fdzvu spln\u00ed\u0161, pokud zap\u00e1l\u00ed\u0161 plamen a bude\u0161 ho udr\u017eovat 24 hodin bez pomoci ostatn\u00edch. Ohe\u0148 z\u016fst\u00e1v\u00e1 na jednom m\u00edst\u011b, sv\u00ed\u010dku m\u011bj v\u017edy bl\u00edzko sebe. Variantu s ohn\u011bm m\u016f\u017ee\u0161 plnit i ve skupin\u011b, ohe\u0148 pak udr\u017eujete d\u00e9le podle velikosti skupiny.<\/em><\/strong><\/p>\n<\/div><\/div>\n\n\n\n<div class=\"wp-block-media-text alignwide has-media-on-the-right is-stacked-on-mobile\" style=\"grid-template-columns:auto 21%\"><div class=\"wp-block-media-text__content\">\n<h5><strong>Den ciz\u00edm jazykem<\/strong><\/h5>\n\n\n\n<p><strong><em>P\u0159i t\u00e9to v\u00fdzv\u011b nesm\u00ed\u0161 pro komunikaci pou\u017e\u00edvat jin\u00fd ne\u017e ciz\u00ed jazyk. Zvl\u00e1dne\u0161 se s ostatn\u00edmi domluvit bez pou\u017eit\u00ed mate\u0159\u0161tiny? Najde\u0161 vhodn\u00e1 slova pro b\u011b\u017en\u00e9 odd\u00edlov\u00e9 \u010dinnosti? P\u0159i pln\u011bn\u00ed je mo\u017en\u00e9 pou\u017e\u00edvat slovn\u00edky. Po celou dobu pln\u011bn\u00ed se zapojuje\u0161 do programu.<\/em><\/strong><\/p>\n<\/div><figure class=\"wp-block-media-text__media\"><img decoding=\"async\" loading=\"lazy\" width=\"220\" height=\"283\" src=\"https:\/\/slunecnice.orlicemb.cz\/subdom\/slunecnice\/wp-content\/uploads\/2023\/01\/1404424-1-vyzva_den_cizim_jazykem.jpg\" alt=\"\" class=\"wp-image-1180 size-full\"\/><\/figure><\/div>\n\n\n\n<h3 class=\"has-text-align-center\">V\u00fdzvy stezky Vzduchu<\/h3>\n\n\n\n<div class=\"wp-block-media-text alignwide is-stacked-on-mobile\" style=\"grid-template-columns:21% auto\"><figure class=\"wp-block-media-text__media\"><img decoding=\"async\" loading=\"lazy\" width=\"211\" height=\"286\" src=\"https:\/\/slunecnice.orlicemb.cz\/subdom\/slunecnice\/wp-content\/uploads\/2023\/01\/Nasivka_15veci_z1.jpg\" alt=\"\" class=\"wp-image-1173 size-full\"\/><\/figure><div class=\"wp-block-media-text__content\">\n<h5><strong>15 v\u011bc\u00ed&nbsp;<\/strong><\/h5>\n\n\n\n<p><strong><em>Po dobu jednoho dne a noci m\u016f\u017ee\u0161 pou\u017e\u00edt jen 15 v\u011bc\u00ed, kter\u00e9 s<\/em><\/strong><strong><em>i <\/em><\/strong><strong><em>vybere\u0161. V\u00fdzvu str\u00e1v\u00ed\u0161 v bl\u00edzkosti t\u00e1bora. V\u00fdzva je spln\u011bna, pokud si p\u0159es den a noc vysta\u010d\u00ed\u0161 jen s t\u00edm, co si vybere\u0161 (j\u00eddlo, l\u00e9k\u00e1rni\u010dka a nouzov\u00fd bal\u00ed\u010dek se nepo\u010d\u00edtaj\u00ed). V\u00fdzvu je mo\u017en\u00e9 plnit i ve skupin\u011b. P\u0159i skupinov\u00e9m pln\u011bn\u00ed se sni\u017euje celkov\u00fd po\u010det v\u011bc\u00ed o po\u010det \u010dlen\u016f\/\u010dlenek skupiny.&nbsp;<\/em><\/strong><\/p>\n\n\n\n<p>O tuto v\u00fdzvu se m\u016f\u017ee\u0161 pokusit maxim\u00e1ln\u011b t\u0159ikr\u00e1t.<\/p>\n<\/div><\/div>\n\n\n\n<div class=\"wp-block-media-text alignwide has-media-on-the-right is-stacked-on-mobile\" style=\"grid-template-columns:auto 20%\"><div class=\"wp-block-media-text__content\">\n<h5><strong>Pochod za sluncem<\/strong><\/h5>\n\n\n\n<p><strong><em>Vyjdi za v\u00fdchodu slunce z t\u00e1bora a n\u00e1sleduj slune\u010dn\u00ed kotou\u010d a\u017e do jeho z\u00e1padu. Ka\u017edou druhou hodinu se zastav a spl\u0148 jeden z p\u0159ipraven\u00fdch \u0161esti \u00fakol\u016f z ob\u00e1lky od vedouc\u00ed\/ho. Zaznamenej svou trasu. V\u00fdzva je spln\u011bna, pokud jsi splnil\/a v\u0161echny \u00fakoly na cestu a tv\u00e1 trasa byla dlouh\u00e1 alespo\u0148 10 km. V\u00fdzvu je mo\u017en\u00e9 plnit i ve skupin\u011b.&nbsp;<\/em><\/strong><\/p>\n\n\n\n<p>O tuto v\u00fdzvu se m\u016f\u017ee\u0161 pokusit maxim\u00e1ln\u011b t\u0159ikr\u00e1t.<\/p>\n<\/div><figure class=\"wp-block-media-text__media\"><img decoding=\"async\" loading=\"lazy\" width=\"205\" height=\"286\" src=\"https:\/\/slunecnice.orlicemb.cz\/subdom\/slunecnice\/wp-content\/uploads\/2023\/01\/1404419-1-vyzva_pochod_za_sluncem.jpg\" alt=\"\" class=\"wp-image-1174 size-full\"\/><\/figure><\/div>\n\n\n\n<h3 class=\"has-text-align-center\">V\u00fdzvy stezky Ohn\u011b<\/h3>\n\n\n\n<div class=\"wp-block-media-text alignwide is-stacked-on-mobile\" style=\"grid-template-columns:21% auto\"><figure class=\"wp-block-media-text__media\"><img decoding=\"async\" loading=\"lazy\" width=\"201\" height=\"206\" src=\"https:\/\/slunecnice.orlicemb.cz\/subdom\/slunecnice\/wp-content\/uploads\/2023\/01\/315-1-vyzva_dva_dny_bez_niceho_z1.jpg\" alt=\"\" class=\"wp-image-1175 size-full\"\/><\/figure><div class=\"wp-block-media-text__content\">\n<h5><strong>Dva dny bez ni\u010deho<\/strong><\/h5>\n\n\n\n<p><strong><em>Vyraz\u00ed\u0161 r\u00e1no z t\u00e1bora bez ni\u010deho \u2013 bez j\u00eddla, bez spac\u00e1ku, bez pen\u011bz. Dok\u00e1\u017ee\u0161 si a\u017e do dal\u0161\u00edho ve\u010dera poradit? Dok\u00e1\u017ee\u0161 si vyd\u011blat svou prac\u00ed na j\u00eddlo a p\u0159esp\u00e1n\u00ed a urazit p\u0159i tom alespo\u0148 15 km? Na pln\u011bn\u00ed t\u00e9to v\u00fdzvy m\u00e1\u0161 jen jeden pokus.<\/em><\/strong><\/p>\n<\/div><\/div>\n\n\n\n<div class=\"wp-block-media-text alignwide has-media-on-the-right is-stacked-on-mobile\" style=\"grid-template-columns:auto 15%\"><div class=\"wp-block-media-text__content\">\n<h5><strong>24 hodin na stromech<\/strong><\/h5>\n\n\n\n<p><strong><em>Dok\u00e1\u017ee\u0161 str\u00e1vit na strom\u011b cel\u00fd den? Dok\u00e1\u017ee\u0161 si postavit s\u00ed\u0165 nebo jin\u00fd p\u0159\u00edbytek, abys 24 hodin vydr\u017eel nad zem\u00ed? Na pln\u011bn\u00ed t\u00e9to v\u00fdzvy m\u00e1\u0161 jen jeden pokus.<\/em><\/strong><\/p>\n<\/div><figure class=\"wp-block-media-text__media\"><img decoding=\"async\" loading=\"lazy\" width=\"121\" height=\"171\" src=\"https:\/\/slunecnice.orlicemb.cz\/subdom\/slunecnice\/wp-content\/uploads\/2023\/01\/24_hodin_na_stromech.png\" alt=\"\" class=\"wp-image-1182 size-full\"\/><\/figure><\/div>\n\n\n\n<div class=\"wp-block-media-text alignwide is-stacked-on-mobile\" style=\"grid-template-columns:21% auto\"><figure class=\"wp-block-media-text__media\"><img decoding=\"async\" loading=\"lazy\" width=\"209\" height=\"277\" src=\"https:\/\/slunecnice.orlicemb.cz\/subdom\/slunecnice\/wp-content\/uploads\/2023\/01\/Nasivka_osobni_vyzva.jpg\" alt=\"\" class=\"wp-image-1176 size-full\"\/><\/figure><div class=\"wp-block-media-text__content\">\n<h5><strong>Osobn\u00ed v\u00fdzva<\/strong><\/h5>\n\n\n\n<p><strong><em>N<\/em><\/strong><strong><em>a konci skautsk\u00e9 stezky u\u017e sis vyzkou\u0161el\/a mnoh\u00e9. Vyber si vlastn\u00ed v\u00fdzvu, kter\u00e1 bude p\u0159esn\u011b pro tebe. V \u010dem se p\u0159ekon\u00e1\u0161? Co pro tebe nen\u00ed lehk\u00e9, ale ani nemo\u017en\u00e9? M\u016f\u017ee\u0161 nam\u00e1hat t\u011blo, hlavu, poradit si s p\u0159\u00edrodou, lenost\u00ed, samotou, ale i n\u011bco vytvo\u0159it \u010di vydr\u017eet. Neboj se po\u017e\u00e1dat o radu. Tvoji v\u00fdzvu ti mus\u00ed schv\u00e1lit vedouc\u00ed. Pot\u00e9 si podm\u00ednky napi\u0161 d\u00e1le.<\/em><\/strong><\/p>\n<\/div><\/div>\n","protected":false},"excerpt":{"rendered":"<p>N\u011bkter\u00e9 v\u00fdzvy lze plnit na jak\u00e9koliv akci, n\u011bkter\u00e9 jen na t\u00e1borech,\u00a0\u010dt\u011bte si pros\u00edm podrobn\u011b podm\u00ednky V\u00fdzvy stezky Zem\u011b No\u010dn\u00ed bd\u011bn\u00ed &nbsp;&nbsp;Dok\u00e1\u017ee\u0161 hodinu le\u017eet vzh\u016fru ve spac\u00e1ku, kdy\u017e t\u011b uprost\u0159ed noci n\u011bkdo vzbud\u00ed? Ovl\u00e1dne\u0161 svoji \u00fanavu, abys neusnul\/a? O spln\u011bn\u00ed t\u00e9to v\u00fdzvy se m\u016f\u017ee\u0161 pokou\u0161et maxim\u00e1ln\u011b t\u0159ikr\u00e1t. B\u011bhem v\u00fdzvy nen\u00ed povoleno si \u010d\u00edst, m\u00edt rozsv\u00edcen\u00e9 sv\u011btlo, [&hellip;]<\/p>\n","protected":false},"author":1,"featured_media":0,"parent":55,"menu_order":0,"comment_status":"closed","ping_status":"closed","template":"","meta":[],"_links":{"self":[{"href":"https:\/\/slunecnice.orlicemb.cz\/subdom\/slunecnice\/index.php?rest_route=\/wp\/v2\/pages\/763"}],"collection":[{"href":"https:\/\/slunecnice.orlicemb.cz\/subdom\/slunecnice\/index.php?rest_route=\/wp\/v2\/pages"}],"about":[{"href":"https:\/\/slunecnice.orlicemb.cz\/subdom\/slunecnice\/index.php?rest_route=\/wp\/v2\/types\/page"}],"author":[{"embeddable":true,"href":"https:\/\/slunecnice.orlicemb.cz\/subdom\/slunecnice\/index.php?rest_route=\/wp\/v2\/users\/1"}],"replies":[{"embeddable":true,"href":"https:\/\/slunecnice.orlicemb.cz\/subdom\/slunecnice\/index.php?rest_route=%2Fwp%2Fv2%2Fcomments&post=763"}],"version-history":[{"count":18,"href":"https:\/\/slunecnice.orlicemb.cz\/subdom\/slunecnice\/index.php?rest_route=\/wp\/v2\/pages\/763\/revisions"}],"predecessor-version":[{"id":1464,"href":"https:\/\/slunecnice.orlicemb.cz\/subdom\/slunecnice\/index.php?rest_route=\/wp\/v2\/pages\/763\/revisions\/1464"}],"up":[{"embeddable":true,"href":"https:\/\/slunecnice.orlicemb.cz\/subdom\/slunecnice\/index.php?rest_route=\/wp\/v2\/pages\/55"}],"wp:attachment":[{"href":"https:\/\/slunecnice.orlicemb.cz\/subdom\/slunecnice\/index.php?rest_route=%2Fwp%2Fv2%2Fmedia&parent=763"}],"curies":[{"name":"wp","href":"https:\/\/api.w.org\/{rel}","templated":true}]}}